te t(1).
2
Let j(q) = 7*q**2 + 5*q**2 + 11*q**2 - 17 - 9*q + 2 - 24*q**2. What is j(-6)?
3
Let y be (-243)/(-45) + 6/(-15). Let b = -7 + y. Let c(h) = 4*h**2 + 2*h + 2. Determine c(b).
14
Let n(m) be the third derivative of m**8/6720 + m**7/504 - m**6/144 - m**5/15 + m**4 - 38*m**2. Let v(u) be the second derivative of n(u). What is v(-6)?
-14
Let h(n) = -9*n**2 + 3. Let z(a) = 28*a**2 - 10. Let q(b) = 7*h(b) + 2*z(b). Let j be 20/20 + 1 + -3. Calculate q(j).
-6
Let r(d) = -d**3 + 2*d**2 + 2*d + 1. Let o be 4/10 + 664/(-10). Let u = o + 69. Determine r(u).
-2
Let v be -3 - (2 + -1 - 2). Let z(u) = 4*u - 24. Let n = 3 - 8. Let p(f) = -f + 5. Let m(l) = n*z(l) - 24*p(l). Determine m(v).
-8
Let z(c) = 2*c**2 - 5*c + 2. Let k(o) = -o**3 + 22*o**2 - o + 25. Let x be (-33*1)/((-54)/36). Let r be k(x). Determine z(r).
5
Let q(x) = -2*x**2 + 3*x - 1. Let j(o) = 3*o**2 - 3*o. Suppose 3*l - 24 = 4*d, 0 = -3*l - d + 6*d + 27. Let w(p) = l*q(p) + 3*j(p). Calculate w(-5).
6
Suppose 43*v + 128 = -216. Let n(o) = o**3 + 7*o**2 - 6*o - 3. What is n(v)?
-19
Suppose -5*m = 4*r + 240, 300 = -5*r - 5*m - 0. Let y = r - -65. Let l(n) be the second derivative of n**4/12 - n**3 + n**2/2 + n. Calculate l(y).
-4
Let q(y) = 10*y + 4 + 3*y**2 - 11*y - 4*y**2 - 1. Let u be (-145)/(-45) - 8/36. Let g = -6 + u. Determine q(g).
-3
Let j(y) be the second derivative of -y**7/2520 - y**6/240 - y**5/120 + 5*y**4/12 + y. Let h(u) be the third derivative of j(u). What is h(-2)?
1
Suppose 10*k + p - 27 = 5*k, -k - 2*p = 0. Let z(f) = 2*f - 6. Calculate z(k).
6
Let v(c) = -c**2 + c - 10. Suppose 5*x - 3*d = -9, 2*d - 3*d + 3 = x. Determine v(x).
-10
Let n = 675 - 685. Let q(b) = b**3 + 10*b**2 - 9. What is q(n)?
-9
Suppose 0 = 4*v - 1 + 17. Let o(d) = -5*d**3 + 11*d**2 + 3*d + 5. Let p(h) = 9*h**3 - 21*h**2 - 6*h - 10. Let b(u) = 11*o(u) + 6*p(u). What is b(v)?
-9
Let n(w) = 3*w - 14. Let g be n(6). Suppose -g*q + 5*o = 25, -3*q - 5 = -2*q - o. Let i(s) = 3*s**2 - s**2 - 1 + 0 + 3*s**3 + q*s**2. Determine i(1).
4
Suppose -4*a + 36 = 5*c, -a + 2*a = 4*c - 12. Let d(n) = -6*n - 10. Let l(z) = 2*z + 3. Let x(y) = -5*d(y) - 16*l(y). Determine x(a).
-6
Let a(j) = 4*j**3 - j**2 - 2*j. Let v(g) = 3*g**3 - g. Let p(m) = 5*a(m) - 6*v(m). Give p(4).
32
Let s(l) = -3*l**2 + 4*l - 3. Suppose -u - 7 = -2*r, u - 12 = -2*r - 3*u. Suppose -5 = -r*y + 3. Calculate s(y).
-7
Let i(n) = n**2 - 4*n - 9. Let l be i(5). Let b be (4*14/12)/(l/6). Let z(v) = -v**3 - 8*v**2 - 3*v + 8. What is z(b)?
-20
Let d(z) be the third derivative of z**5/60 + 13*z**4/24 - z**3/3 - 12*z**2 - 8. Determine d(-9).
-38
Let z(x) = -11*x - 9. Let o be z(-1). Let d(p) be the first derivative of -p**4/4 + p**3/3 + 3*p**2/2 - p + 11. Determine d(o).
1
Suppose r - 8 = -4*z + 8, -11 = z + 4*r. Suppose 2*i + 3*i - 12 = 2*v, 36 = z*v + 4*i. Let q(a) = a**3 - 5*a**2 + 1. What is q(v)?
-15
Let x(n) = 3 - 17*n + 26*n - 11*n - 6 + n**2 + 1. What is x(-2)?
6
Let j(y) = y. Let f(a) be the second derivative of -a**3/6 + a**2/2 - 16*a. Let s(i) = 3*f(i) + 4*j(i). What is s(6)?
9
Suppose 0 = -5*f - 6*f + 55. Let j(a) = 3*a**2. Let d be j(-1). Let s(c) = 2*c**2 + c**d + 0*c**2 - 7*c**2 + 1. Give s(f).
1
Let r(z) be the second derivative of 1/2*z**2 + 0 - 1/2*z**3 + 32*z. What is r(1)?
-2
Suppose 10 + 26 = 4*v. Suppose k - 3*k = 2*l, -4*k + 5*l = -v. Let a(f) = 0 + 0 + 4*f**2 - 1 + f. Give a(k).
4
Let o(p) be the first derivative of p**6/360 - p**5/120 + p**4/6 + 17*p**3/3 - 22. Let m(q) be the third derivative of o(q). Determine m(0).
4
Suppose 166 = -3*c - 5*w, -2*c - 6*w + 3*w = 110. Let q = c - -57. Let o(a) = -2*a + 4. Determine o(q).
-6
Let r(n) be the first derivative of 2*n**3/3 + 5*n**2/2 - 3*n + 33. Let c(s) be the first derivative of r(s). Calculate c(-6).
-19
Let f = -10 + 4. Let w(i) be the first derivative of -i**3/3 - 7*i**2/2 - 9*i + 797. Give w(f).
-3
Let d(y) = -75*y - 72*y - 2 - y**2 + 143*y. Give d(-7).
-23
Let i = 353 + -354. Let a(n) = 12*n. What is a(i)?
-12
Let g(v) = 4*v + 62. Let j be g(-14). Let t(y) be the second derivative of y**5/20 - y**4/2 + 3*y**2 - 9*y. What is t(j)?
6
Let d(y) = -13366 + 2*y**2 + 10*y - 4*y**2 + y**2 + 13375. Determine d(11).
-2
Let v(t) = 5*t**2 - 2. Let q(k) = -9*k**2 + k + 4. Suppose -4 = 10*y - 44. Let b(m) = y*q(m) + 7*v(m). What is b(3)?
5
Let q be 2*25/20*2. Suppose -2*y + 3 = 3*v + 2, 50 = -q*y + 3*v. Let u(o) = -o**2 - 8*o - 10. What is u(y)?
-3
Let b = -429 + 429. Let v(m) = -m**3 - m + 1. Give v(b).
1
Let x(h) = -h**2 - 3*h + 1. Let j be ((-6)/4)/(11/220). Let i = -34 - j. Give x(i).
-3
Let q(v) be the second derivative of -3*v**3/2 + v**2/2 + 217*v. Let r be (-2)/8 - (-162)/8. Suppose -4 = y + x + 2, 4*x = -r. Calculate q(y).
10
Let x(a) = 4*a - 4. Let n be ((-33)/(-132))/((-66)/(-32) - 2). Determine x(n).
12
Let s(i) = -5*i - 24. Let u(o) = 6*o + 23. Let l(x) = -2*s(x) - 3*u(x). Calculate l(-3).
3
Suppose -1 + 5 = 2*w. Let c(n) = 4*n**2 - 3*n + 4. Let i(m) = -9*m**2 + 6*m - 5. Let j(l) = 1. Let u(q) = i(q) - 4*j(q). Let o(t) = 5*c(t) + 2*u(t). Give o(w).
4
Let r be (24/10)/(22/55). Let m(b) = -13*b**2 + 1 + 29*b**2 - r*b - 17*b**2. What is m(-6)?
1
Let p be (-2)/5 + (-48)/(-20). Let f(a) = 0*a + 8 - p*a - a + 2*a. Determine f(4).
4
Let i(s) = 3*s + 2. Suppose 2*z + 2 = -2*a, 0 = 3*a + z - 1. Give i(a).
5
Let k(c) = 3*c**3 - 2*c**2 + c. Let o(g) = 8*g**3 - 10*g**2 + 6*g - 8. Let v(b) = -3*k(b) + o(b). Give v(-5).
2
Let i(n) = 2*n + 31. Let d = 946 - 962. Calculate i(d).
-1
Let m(l) = -l**2 - 3*l + 4. Suppose 2*r = -3*k - 23, 2*k + r + 11 + 4 = 0. Calculate m(k).
-24
Let x(r) = -r**3 + 7*r**2 - 7*r + 1. Suppose 5*w - 32 = -2. Determine x(w).
-5
Let j(h) = -h**3 - 3*h**2 + 6*h + 1. Let s(q) = q**2 - 10*q - 43. Let g be 102/8 - 13/(-52). Let y be s(g). Calculate j(y).
-7
Let c(x) = -39*x - x**3 + 2*x**2 + 19 + 7*x**2 - 12*x + 76*x + 2*x**2. Calculate c(13).
6
Let o(d) be the third derivative of d**4/24 - 3*d**3/2 + d**2 - 45*d. Let q = 16 - 11. Suppose q*w = -p + 25, 5*p - 20 = -5*w + 5. What is o(p)?
-9
Let w(z) be the second derivative of -z**5/20 - z**4/2 + z**3 - 9*z**2/2 + 4*z. Let v be (-1)/((-11)/33*3/(-13)). Let s = v + 6. Determine w(s).
-2
Let f(i) = -i + 3. Let g(u) = 1. Let j(p) = -p**2 + 11*p - 17. Let m be j(9). Let y(q) = m*f(q) - 5*g(q). Let b = 16 - 22. Determine y(b).
4
Let b(d) be the third derivative of -d**4/8 - 2*d**3/3 - 12*d**2. Suppose 0*g - g + 3 = 0. Let n be (-3 - g) + 0/2. What is b(n)?
14
Let k = -275 - -283. Let f(v) = -v**3 + 8*v**2 + 3*v - 2. Give f(k).
22
Let b(m) = -2*m**3 - 34*m**2 + m + 25. Let p be b(-17). Let t(r) = 0 + 2 - 1 - p*r - r**2. Determine t(-7).
8
Suppose -5*a - 4*c - 40 = 0, a + 6*c = 5*c - 8. Let n(u) = 3*u + 10. Give n(a).
-14
Let w = -5 - -7. Let l(n) = 7*n - 57. Let o be l(8). Let d be o - -9*w/(-6). Let i(a) = -a**2 - 3*a - 3. What is i(d)?
-7
Suppose 16 - 76 = -15*p. Let z(r) = -r**3 + 5*r**2 - 3*r - 4. Let b be z(p). Let y(m) = m**2 - 13. Calculate y(b).
-13
Let r(d) = -d**3 - d**2 + 2*d + 1. Suppose 0*h + 5*h = 25. Let o = h - 3. Calculate r(o).
-7
Let t = -7 + 1. Let p(l) = -14*l + 1. Let w(j) = -5*j + 1. Let k(q) = 4*p(q) - 11*w(q). Determine k(t).
-1
Let i(b) = 2*b**2 - 5*b - 6. Let v be i(-2). Suppose 0 = -v*f + 45 + 39. Let p(y) = y - 1. What is p(f)?
6
Let m(k) = -k**3 + 5*k**2 - 3*k + 3. Let h(o) be the second derivative of -1/20*o**5 - 1/6*o**3 + 0 + 1/4*o**4 + 11*o + o**2. Let a be h(2). Determine m(a).
7
Let m(l) = -7*l + 33. Let g(o) = 12*o - 57. Let h(v) = 4*g(v) + 7*m(v). Calculate h(10).
-7
Let c = 26/17 - 373/255. Let k(g) be the third derivative of -1/120*g**6 + 1/3*g**3 - 10*g**2 + 0 - c*g**5 + 0*g + 1/4*g**4. Determine k(-5).
-3
Let t(j) = 65*j - j**2 + 59*j + 1 - 129*j. Determine t(-6).
-5
Let j(m) = -4*m**2 - m. Suppose -5*c = 14 - 24. Suppose 14 - 16 = -c*q. Give j(q).
-5
Let u(b) = 3*b**3 - 6*b**2 + 5090*b - 2*b**3 - 5096*b. Determine u(6).
-36
Let r(q) = q + 2. Let g be r(-4). Let m(f) = 18*f - 9*f - f**2 - 1 + 3*f**2 - 7*f. What is m(g)?
3
Suppose 4*x - 2*t + 26 = -0*x, -3*t - 17 = 2*x. Let u(b) = -4*b**2 - 4*b - 2. Let c(f) = 9*f**2 + 9*f + 5. Let p(i) = x*u(i) - 3*c(i). What is p(-3)?
5
Let t(z) = -13*z + 1. Let k(o) be the first derivative of -6 + 10*o - 6*o**2 + 1/3*o**3. Let g be k(11). What 